{"id":8349,"date":"2022-01-19T15:18:05","date_gmt":"2022-01-19T15:18:05","guid":{"rendered":"https:\/\/www.helst.fi\/en\/?post_type=portfolio&#038;p=8331"},"modified":"2025-09-12T11:37:52","modified_gmt":"2025-09-12T11:37:52","slug":"villa-l-fi-3","status":"publish","type":"portfolio","link":"https:\/\/www.helst.fi\/en\/portfolio\/villa-l-fi-3\/","title":{"rendered":"Villa L"},"content":{"rendered":"<p>P\u00e5 en tomt i Grankulla fick vi i uppdrag att planera en modern, tidl\u00f6s villa med r\u00f6tterna i finsk arkitektur fr\u00e5n 60-talet. Utv\u00e4ndigt har anv\u00e4nts m\u00f6rkt danskt tegel samt oljat l\u00e4rktr\u00e4 som skapar konstraster och g\u00f6r fasaden levande.<\/p>\n<p>Genom noggrann planering av f\u00f6nstrens riktningar, storlekar samt tr\u00e4dg\u00e5rdens planteringar f\u00e5r alla rum rikligt med dagsljus utan att drabbas av insyn.<\/p>\n<p>&nbsp;<\/p>\n<ul>\n<li>Stad \u2013 Grankulla<\/li>\n<li>Byggherre \u2013 Privat<\/li>\n<li>Status \u2013 F\u00e4rdigst\u00e4lls 2022<\/li>\n<li>Storlek \u2013 340\u00a0 m\u00b2<\/li>\n<\/ul>\n","protected":false},"excerpt":{"rendered":"<p>P\u00e5 en tomt i Grankulla fick vi i uppdrag att planera en modern, tidl\u00f6s villa med r\u00f6tterna i finsk arkitektur fr\u00e5n 60-talet. Utv\u00e4ndigt har anv\u00e4nts m\u00f6rkt danskt tegel samt oljat l\u00e4rktr\u00e4 som skapar konstraster och g\u00f6r fasaden levande. Genom noggrann planering av f\u00f6nstrens riktningar, storlekar samt tr\u00e4dg\u00e5rdens planteringar f\u00e5r alla rum rikligt med dagsljus utan&hellip;<\/p>\n","protected":false},"author":1,"featured_media":8402,"comment_status":"open","ping_status":"closed","template":"","meta":{"_acf_changed":false,"footnotes":""},"portfolio_category":[370],"portfolio_tag":[],"class_list":["post-8349","portfolio","type-portfolio","status-publish","has-post-thumbnail","hentry","portfolio_category-villor"],"acf":[],"yoast_head":"<!-- This site is optimized with the Yoast SEO plugin v27.4 - https:\/\/yoast.com\/product\/yoast-seo-wordpress\/ -->\n<title>Villa L - HELST<\/title>\n<meta name=\"description\" content=\"En modern och funktionell tolkning av 60-talets finska arkitektur. Ett tegelhus f\u00f6r en familj utanf\u00f6r Helsingfors.\" \/>\n<meta name=\"robots\" content=\"index, follow, max-snippet:-1, max-image-preview:large, max-video-preview:-1\" \/>\n<link rel=\"canonical\" href=\"https:\/\/www.helst.fi\/en\/portfolio\/villa-l-fi-3\/\" \/>\n<meta property=\"og:locale\" content=\"en_US\" \/>\n<meta property=\"og:type\" content=\"article\" \/>\n<meta property=\"og:title\" content=\"Villa L - HELST\" \/>\n<meta property=\"og:description\" content=\"En modern och funktionell tolkning av 60-talets finska arkitektur. Ett tegelhus f\u00f6r en familj utanf\u00f6r Helsingfors.\" \/>\n<meta property=\"og:url\" content=\"https:\/\/www.helst.fi\/en\/portfolio\/villa-l-fi-3\/\" \/>\n<meta property=\"og:site_name\" content=\"HELST\" \/>\n<meta property=\"article:publisher\" content=\"https:\/\/www.facebook.com\/helst.architects\" \/>\n<meta property=\"article:modified_time\" content=\"2025-09-12T11:37:52+00:00\" \/>\n<meta property=\"og:image\" content=\"https:\/\/www.helst.fi\/en\/wp-content\/uploads\/2022\/01\/IMG_5198_thumbnail.gif\" \/>\n\t<meta property=\"og:image:width\" content=\"1000\" \/>\n\t<meta property=\"og:image:height\" content=\"1000\" \/>\n\t<meta property=\"og:image:type\" content=\"image\/gif\" \/>\n<meta name=\"twitter:card\" content=\"summary_large_image\" \/>\n<meta name=\"twitter:label1\" content=\"Est. reading time\" \/>\n\t<meta name=\"twitter:data1\" content=\"1 minute\" \/>\n<script type=\"application\/ld+json\" class=\"yoast-schema-graph\">{\"@context\":\"https:\\\/\\\/schema.org\",\"@graph\":[{\"@type\":\"WebPage\",\"@id\":\"https:\\\/\\\/www.helst.fi\\\/en\\\/portfolio\\\/villa-l-fi-3\\\/\",\"url\":\"https:\\\/\\\/www.helst.fi\\\/en\\\/portfolio\\\/villa-l-fi-3\\\/\",\"name\":\"Villa L - HELST\",\"isPartOf\":{\"@id\":\"https:\\\/\\\/www.helst.fi\\\/en\\\/etusivu\\\/#website\"},\"primaryImageOfPage\":{\"@id\":\"https:\\\/\\\/www.helst.fi\\\/en\\\/portfolio\\\/villa-l-fi-3\\\/#primaryimage\"},\"image\":{\"@id\":\"https:\\\/\\\/www.helst.fi\\\/en\\\/portfolio\\\/villa-l-fi-3\\\/#primaryimage\"},\"thumbnailUrl\":\"https:\\\/\\\/www.helst.fi\\\/en\\\/wp-content\\\/uploads\\\/2022\\\/01\\\/IMG_5198_thumbnail.gif\",\"datePublished\":\"2022-01-19T15:18:05+00:00\",\"dateModified\":\"2025-09-12T11:37:52+00:00\",\"description\":\"En modern och funktionell tolkning av 60-talets finska arkitektur. Ett tegelhus f\u00f6r en familj utanf\u00f6r Helsingfors.\",\"breadcrumb\":{\"@id\":\"https:\\\/\\\/www.helst.fi\\\/en\\\/portfolio\\\/villa-l-fi-3\\\/#breadcrumb\"},\"inLanguage\":\"en\",\"potentialAction\":[{\"@type\":\"ReadAction\",\"target\":[\"https:\\\/\\\/www.helst.fi\\\/en\\\/portfolio\\\/villa-l-fi-3\\\/\"]}]},{\"@type\":\"ImageObject\",\"inLanguage\":\"en\",\"@id\":\"https:\\\/\\\/www.helst.fi\\\/en\\\/portfolio\\\/villa-l-fi-3\\\/#primaryimage\",\"url\":\"https:\\\/\\\/www.helst.fi\\\/en\\\/wp-content\\\/uploads\\\/2022\\\/01\\\/IMG_5198_thumbnail.gif\",\"contentUrl\":\"https:\\\/\\\/www.helst.fi\\\/en\\\/wp-content\\\/uploads\\\/2022\\\/01\\\/IMG_5198_thumbnail.gif\",\"width\":1000,\"height\":1000},{\"@type\":\"BreadcrumbList\",\"@id\":\"https:\\\/\\\/www.helst.fi\\\/en\\\/portfolio\\\/villa-l-fi-3\\\/#breadcrumb\",\"itemListElement\":[{\"@type\":\"ListItem\",\"position\":1,\"name\":\"Home\",\"item\":\"https:\\\/\\\/www.helst.fi\\\/en\\\/\"},{\"@type\":\"ListItem\",\"position\":2,\"name\":\"Portfolio\",\"item\":\"https:\\\/\\\/www.helst.fi\\\/en\\\/portfolio\\\/\"},{\"@type\":\"ListItem\",\"position\":3,\"name\":\"Villa L\"}]},{\"@type\":\"WebSite\",\"@id\":\"https:\\\/\\\/www.helst.fi\\\/en\\\/etusivu\\\/#website\",\"url\":\"https:\\\/\\\/www.helst.fi\\\/en\\\/etusivu\\\/\",\"name\":\"HELST\",\"description\":\"Arkkitehdit\",\"publisher\":{\"@id\":\"https:\\\/\\\/www.helst.fi\\\/en\\\/etusivu\\\/#organization\"},\"potentialAction\":[{\"@type\":\"SearchAction\",\"target\":{\"@type\":\"EntryPoint\",\"urlTemplate\":\"https:\\\/\\\/www.helst.fi\\\/en\\\/etusivu\\\/?s={search_term_string}\"},\"query-input\":{\"@type\":\"PropertyValueSpecification\",\"valueRequired\":true,\"valueName\":\"search_term_string\"}}],\"inLanguage\":\"en\"},{\"@type\":\"Organization\",\"@id\":\"https:\\\/\\\/www.helst.fi\\\/en\\\/etusivu\\\/#organization\",\"name\":\"HELST\",\"url\":\"https:\\\/\\\/www.helst.fi\\\/en\\\/etusivu\\\/\",\"logo\":{\"@type\":\"ImageObject\",\"inLanguage\":\"en\",\"@id\":\"https:\\\/\\\/www.helst.fi\\\/en\\\/etusivu\\\/#\\\/schema\\\/logo\\\/image\\\/\",\"url\":\"https:\\\/\\\/www.helst.fi\\\/en\\\/wp-content\\\/uploads\\\/2024\\\/11\\\/HELST_logo_rasterikartta-scaled.jpg\",\"contentUrl\":\"https:\\\/\\\/www.helst.fi\\\/en\\\/wp-content\\\/uploads\\\/2024\\\/11\\\/HELST_logo_rasterikartta-scaled.jpg\",\"width\":2560,\"height\":1067,\"caption\":\"HELST\"},\"image\":{\"@id\":\"https:\\\/\\\/www.helst.fi\\\/en\\\/etusivu\\\/#\\\/schema\\\/logo\\\/image\\\/\"},\"sameAs\":[\"https:\\\/\\\/www.facebook.com\\\/helst.architects\",\"https:\\\/\\\/www.instagram.com\\\/helst_architects\\\/\"]}]}<\/script>\n<!-- \/ Yoast SEO plugin. -->","yoast_head_json":{"title":"Villa L - HELST","description":"En modern och funktionell tolkning av 60-talets finska arkitektur. Ett tegelhus f\u00f6r en familj utanf\u00f6r Helsingfors.","robots":{"index":"index","follow":"follow","max-snippet":"max-snippet:-1","max-image-preview":"max-image-preview:large","max-video-preview":"max-video-preview:-1"},"canonical":"https:\/\/www.helst.fi\/en\/portfolio\/villa-l-fi-3\/","og_locale":"en_US","og_type":"article","og_title":"Villa L - HELST","og_description":"En modern och funktionell tolkning av 60-talets finska arkitektur. Ett tegelhus f\u00f6r en familj utanf\u00f6r Helsingfors.","og_url":"https:\/\/www.helst.fi\/en\/portfolio\/villa-l-fi-3\/","og_site_name":"HELST","article_publisher":"https:\/\/www.facebook.com\/helst.architects","article_modified_time":"2025-09-12T11:37:52+00:00","og_image":[{"width":1000,"height":1000,"url":"https:\/\/www.helst.fi\/en\/wp-content\/uploads\/2022\/01\/IMG_5198_thumbnail.gif","type":"image\/gif"}],"twitter_card":"summary_large_image","twitter_misc":{"Est. reading time":"1 minute"},"schema":{"@context":"https:\/\/schema.org","@graph":[{"@type":"WebPage","@id":"https:\/\/www.helst.fi\/en\/portfolio\/villa-l-fi-3\/","url":"https:\/\/www.helst.fi\/en\/portfolio\/villa-l-fi-3\/","name":"Villa L - HELST","isPartOf":{"@id":"https:\/\/www.helst.fi\/en\/etusivu\/#website"},"primaryImageOfPage":{"@id":"https:\/\/www.helst.fi\/en\/portfolio\/villa-l-fi-3\/#primaryimage"},"image":{"@id":"https:\/\/www.helst.fi\/en\/portfolio\/villa-l-fi-3\/#primaryimage"},"thumbnailUrl":"https:\/\/www.helst.fi\/en\/wp-content\/uploads\/2022\/01\/IMG_5198_thumbnail.gif","datePublished":"2022-01-19T15:18:05+00:00","dateModified":"2025-09-12T11:37:52+00:00","description":"En modern och funktionell tolkning av 60-talets finska arkitektur. Ett tegelhus f\u00f6r en familj utanf\u00f6r Helsingfors.","breadcrumb":{"@id":"https:\/\/www.helst.fi\/en\/portfolio\/villa-l-fi-3\/#breadcrumb"},"inLanguage":"en","potentialAction":[{"@type":"ReadAction","target":["https:\/\/www.helst.fi\/en\/portfolio\/villa-l-fi-3\/"]}]},{"@type":"ImageObject","inLanguage":"en","@id":"https:\/\/www.helst.fi\/en\/portfolio\/villa-l-fi-3\/#primaryimage","url":"https:\/\/www.helst.fi\/en\/wp-content\/uploads\/2022\/01\/IMG_5198_thumbnail.gif","contentUrl":"https:\/\/www.helst.fi\/en\/wp-content\/uploads\/2022\/01\/IMG_5198_thumbnail.gif","width":1000,"height":1000},{"@type":"BreadcrumbList","@id":"https:\/\/www.helst.fi\/en\/portfolio\/villa-l-fi-3\/#breadcrumb","itemListElement":[{"@type":"ListItem","position":1,"name":"Home","item":"https:\/\/www.helst.fi\/en\/"},{"@type":"ListItem","position":2,"name":"Portfolio","item":"https:\/\/www.helst.fi\/en\/portfolio\/"},{"@type":"ListItem","position":3,"name":"Villa L"}]},{"@type":"WebSite","@id":"https:\/\/www.helst.fi\/en\/etusivu\/#website","url":"https:\/\/www.helst.fi\/en\/etusivu\/","name":"HELST","description":"Arkkitehdit","publisher":{"@id":"https:\/\/www.helst.fi\/en\/etusivu\/#organization"},"potentialAction":[{"@type":"SearchAction","target":{"@type":"EntryPoint","urlTemplate":"https:\/\/www.helst.fi\/en\/etusivu\/?s={search_term_string}"},"query-input":{"@type":"PropertyValueSpecification","valueRequired":true,"valueName":"search_term_string"}}],"inLanguage":"en"},{"@type":"Organization","@id":"https:\/\/www.helst.fi\/en\/etusivu\/#organization","name":"HELST","url":"https:\/\/www.helst.fi\/en\/etusivu\/","logo":{"@type":"ImageObject","inLanguage":"en","@id":"https:\/\/www.helst.fi\/en\/etusivu\/#\/schema\/logo\/image\/","url":"https:\/\/www.helst.fi\/en\/wp-content\/uploads\/2024\/11\/HELST_logo_rasterikartta-scaled.jpg","contentUrl":"https:\/\/www.helst.fi\/en\/wp-content\/uploads\/2024\/11\/HELST_logo_rasterikartta-scaled.jpg","width":2560,"height":1067,"caption":"HELST"},"image":{"@id":"https:\/\/www.helst.fi\/en\/etusivu\/#\/schema\/logo\/image\/"},"sameAs":["https:\/\/www.facebook.com\/helst.architects","https:\/\/www.instagram.com\/helst_architects\/"]}]}},"lang":"sv","translations":{"en":8331,"fi":8343,"sv":8349},"pll_sync_post":[],"_links":{"self":[{"href":"https:\/\/www.helst.fi\/en\/wp-json\/wp\/v2\/portfolio\/8349","targetHints":{"allow":["GET"]}}],"collection":[{"href":"https:\/\/www.helst.fi\/en\/wp-json\/wp\/v2\/portfolio"}],"about":[{"href":"https:\/\/www.helst.fi\/en\/wp-json\/wp\/v2\/types\/portfolio"}],"author":[{"embeddable":true,"href":"https:\/\/www.helst.fi\/en\/wp-json\/wp\/v2\/users\/1"}],"replies":[{"embeddable":true,"href":"https:\/\/www.helst.fi\/en\/wp-json\/wp\/v2\/comments?post=8349"}],"version-history":[{"count":7,"href":"https:\/\/www.helst.fi\/en\/wp-json\/wp\/v2\/portfolio\/8349\/revisions"}],"predecessor-version":[{"id":9453,"href":"https:\/\/www.helst.fi\/en\/wp-json\/wp\/v2\/portfolio\/8349\/revisions\/9453"}],"wp:featuredmedia":[{"embeddable":true,"href":"https:\/\/www.helst.fi\/en\/wp-json\/wp\/v2\/media\/8402"}],"wp:attachment":[{"href":"https:\/\/www.helst.fi\/en\/wp-json\/wp\/v2\/media?parent=8349"}],"wp:term":[{"taxonomy":"portfolio_category","embeddable":true,"href":"https:\/\/www.helst.fi\/en\/wp-json\/wp\/v2\/portfolio_category?post=8349"},{"taxonomy":"portfolio_tag","embeddable":true,"href":"https:\/\/www.helst.fi\/en\/wp-json\/wp\/v2\/portfolio_tag?post=8349"}],"curies":[{"name":"wp","href":"https:\/\/api.w.org\/{rel}","templated":true}]}}

<p>På en tomt i Grankulla fick vi i uppdrag att planera en modern, tidlös villa med rötterna i finsk arkitektur från 60-talet. Utvändigt har använts mörkt danskt tegel samt oljat lärkträ som skapar konstraster och gör fasaden levande.</p>
<p>Genom noggrann planering av fönstrens riktningar, storlekar samt trädgårdens planteringar får alla rum rikligt med dagsljus utan att drabbas av insyn.</p>
<p>&nbsp;</p>
<ul>
<li>Stad – Grankulla</li>
<li>Byggherre – Privat</li>
<li>Status – Färdigställs 2022</li>
<li>Storlek – 340  m²</li>
</ul>

<p>På en tomt i Grankulla fick vi i uppdrag att planera en modern, tidlös villa med rötterna i finsk arkitektur från 60-talet. Utvändigt har använts mörkt danskt tegel samt oljat lärkträ som skapar konstraster och gör fasaden levande. Genom noggrann planering av fönstrens riktningar, storlekar samt trädgårdens planteringar får alla rum rikligt med dagsljus utan&hellip;</p>

<!-- This site is optimized with the Yoast SEO plugin v27.4 - https://yoast.com/product/yoast-seo-wordpress/ -->
<title>Villa L - HELST</title>
<meta name="description" content="En modern och funktionell tolkning av 60-talets finska arkitektur. Ett tegelhus för en familj utanför Helsingfors." />
<meta name="robots" content="index, follow, max-snippet:-1, max-image-preview:large, max-video-preview:-1" />
<link rel="canonical" href="https://www.helst.fi/en/portfolio/villa-l-fi-3/" />
<meta property="og:locale" content="en_US" />
<meta property="og:type" content="article" />
<meta property="og:title" content="Villa L - HELST" />
<meta property="og:description" content="En modern och funktionell tolkning av 60-talets finska arkitektur. Ett tegelhus för en familj utanför Helsingfors." />
<meta property="og:url" content="https://www.helst.fi/en/portfolio/villa-l-fi-3/" />
<meta property="og:site_name" content="HELST" />
<meta property="article:publisher" content="https://www.facebook.com/helst.architects" />
<meta property="article:modified_time" content="2025-09-12T11:37:52+00:00" />
<meta property="og:image" content="https://www.helst.fi/en/wp-content/uploads/2022/01/IMG_5198_thumbnail.gif" />
	<meta property="og:image:width" content="1000" />
	<meta property="og:image:height" content="1000" />
	<meta property="og:image:type" content="image/gif" />
<meta name="twitter:card" content="summary_large_image" />
<meta name="twitter:label1" content="Est. reading time" />
	<meta name="twitter:data1" content="1 minute" />
<script type="application/ld+json" class="yoast-schema-graph">{"@context":"https:\/\/schema.org","@graph":[{"@type":"WebPage","@id":"https:\/\/www.helst.fi\/en\/portfolio\/villa-l-fi-3\/","url":"https:\/\/www.helst.fi\/en\/portfolio\/villa-l-fi-3\/","name":"Villa L - HELST","isPartOf":{"@id":"https:\/\/www.helst.fi\/en\/etusivu\/#website"},"primaryImageOfPage":{"@id":"https:\/\/www.helst.fi\/en\/portfolio\/villa-l-fi-3\/#primaryimage"},"image":{"@id":"https:\/\/www.helst.fi\/en\/portfolio\/villa-l-fi-3\/#primaryimage"},"thumbnailUrl":"https:\/\/www.helst.fi\/en\/wp-content\/uploads\/2022\/01\/IMG_5198_thumbnail.gif","datePublished":"2022-01-19T15:18:05+00:00","dateModified":"2025-09-12T11:37:52+00:00","description":"En modern och funktionell tolkning av 60-talets finska arkitektur. Ett tegelhus för en familj utanför Helsingfors.","breadcrumb":{"@id":"https:\/\/www.helst.fi\/en\/portfolio\/villa-l-fi-3\/#breadcrumb"},"inLanguage":"en","potentialAction":[{"@type":"ReadAction","target":["https:\/\/www.helst.fi\/en\/portfolio\/villa-l-fi-3\/"]}]},{"@type":"ImageObject","inLanguage":"en","@id":"https:\/\/www.helst.fi\/en\/portfolio\/villa-l-fi-3\/#primaryimage","url":"https:\/\/www.helst.fi\/en\/wp-content\/uploads\/2022\/01\/IMG_5198_thumbnail.gif","contentUrl":"https:\/\/www.helst.fi\/en\/wp-content\/uploads\/2022\/01\/IMG_5198_thumbnail.gif","width":1000,"height":1000},{"@type":"BreadcrumbList","@id":"https:\/\/www.helst.fi\/en\/portfolio\/villa-l-fi-3\/#breadcrumb","itemListElement":[{"@type":"ListItem","position":1,"name":"Home","item":"https:\/\/www.helst.fi\/en\/"},{"@type":"ListItem","position":2,"name":"Portfolio","item":"https:\/\/www.helst.fi\/en\/portfolio\/"},{"@type":"ListItem","position":3,"name":"Villa L"}]},{"@type":"WebSite","@id":"https:\/\/www.helst.fi\/en\/etusivu\/#website","url":"https:\/\/www.helst.fi\/en\/etusivu\/","name":"HELST","description":"Arkkitehdit","publisher":{"@id":"https:\/\/www.helst.fi\/en\/etusivu\/#organization"},"potentialAction":[{"@type":"SearchAction","target":{"@type":"EntryPoint","urlTemplate":"https:\/\/www.helst.fi\/en\/etusivu\/?s={search_term_string}"},"query-input":{"@type":"PropertyValueSpecification","valueRequired":true,"valueName":"search_term_string"}}],"inLanguage":"en"},{"@type":"Organization","@id":"https:\/\/www.helst.fi\/en\/etusivu\/#organization","name":"HELST","url":"https:\/\/www.helst.fi\/en\/etusivu\/","logo":{"@type":"ImageObject","inLanguage":"en","@id":"https:\/\/www.helst.fi\/en\/etusivu\/#\/schema\/logo\/image\/","url":"https:\/\/www.helst.fi\/en\/wp-content\/uploads\/2024\/11\/HELST_logo_rasterikartta-scaled.jpg","contentUrl":"https:\/\/www.helst.fi\/en\/wp-content\/uploads\/2024\/11\/HELST_logo_rasterikartta-scaled.jpg","width":2560,"height":1067,"caption":"HELST"},"image":{"@id":"https:\/\/www.helst.fi\/en\/etusivu\/#\/schema\/logo\/image\/"},"sameAs":["https:\/\/www.facebook.com\/helst.architects","https:\/\/www.instagram.com\/helst_architects\/"]}]}</script>
<!-- / Yoast SEO plugin. -->

En modern och funktionell tolkning av 60-talets finska arkitektur. Ett tegelhus för en familj utanför Helsingfors.
