{"id":8997,"date":"2024-09-04T08:58:41","date_gmt":"2024-09-04T08:58:41","guid":{"rendered":"https:\/\/www.helst.fi\/en\/?post_type=portfolio&#038;p=8997"},"modified":"2024-10-08T08:56:45","modified_gmt":"2024-10-08T08:56:45","slug":"villa-w","status":"publish","type":"portfolio","link":"https:\/\/www.helst.fi\/en\/portfolio\/villa-w\/","title":{"rendered":"Villa W"},"content":{"rendered":"<p>Det h\u00e4r huset \u00e4r planerat p\u00e5 en liten tomt p\u00e5 Deger\u00f6 i Helsingfors. Familjen ville ha ett unikt hem som samtidigt tillhandah\u00f6ll alla de funktioner som de beh\u00f6vde.<\/p>\n<p>Vi f\u00f6reslog ett kompakt hus i tv\u00e5 v\u00e5ningar samt en l\u00e4gre del f\u00f6r bastuavdelning d\u00e4r det platta taket blir en terass kopplad till det \u00f6vre vardagsrummet samt masterbedroom. Planl\u00f6sning ger en r\u00f6relse genom huset d\u00e4r nya intryck och vyer \u00f6ppnar upp sig i flera skeden. Vardagsrummet definieras av den dubbla takh\u00f6jden, trappan till \u00f6verv\u00e5ningen samt den \u00f6ppna spisen som dekorerats med handgjort kakel.<\/p>\n<p>Genom en noggrann platsanalys kunde vi planera huset med stora glaspartier utan insyn fr\u00e5n grannar, vilket ger ett ljust och \u00f6ppet hem trots den lilla tomten.<\/p>\n<p>&nbsp;<\/p>\n<ul>\n<li>Stad \u2013 Helsingfors<\/li>\n<li>Byggherre \u2013 Privat<\/li>\n<li>Status \u2013 F\u00e4rdigst\u00e4lls 2024<\/li>\n<li>Storlek \u2013 190\u00a0 m\u00b2<\/li>\n<\/ul>\n","protected":false},"excerpt":{"rendered":"<p>Det h\u00e4r huset \u00e4r planerat p\u00e5 en liten tomt p\u00e5 Deger\u00f6 i Helsingfors. Familjen ville ha ett unikt hem som samtidigt tillhandah\u00f6ll alla de funktioner som de beh\u00f6vde. Vi f\u00f6reslog ett kompakt hus i tv\u00e5 v\u00e5ningar samt en l\u00e4gre del f\u00f6r bastuavdelning d\u00e4r det platta taket blir en terass kopplad till det \u00f6vre vardagsrummet samt&hellip;<\/p>\n","protected":false},"author":1,"featured_media":9152,"comment_status":"open","ping_status":"closed","template":"","meta":{"_acf_changed":false,"footnotes":""},"portfolio_category":[370],"portfolio_tag":[],"class_list":["post-8997","portfolio","type-portfolio","status-publish","has-post-thumbnail","hentry","portfolio_category-villor"],"acf":[],"yoast_head":"<!-- This site is optimized with the Yoast SEO plugin v27.4 - https:\/\/yoast.com\/product\/yoast-seo-wordpress\/ -->\n<title>Villa W - HELST<\/title>\n<meta name=\"description\" content=\"Ett unikt hem p\u00e5 Deger\u00f6 i Helsingfors, d\u00e4r familjen ville ha ett personligt ljust hem med lite insyn. Ett tv\u00e5v\u00e5ningshus med stor terass.\" \/>\n<meta name=\"robots\" content=\"index, follow, max-snippet:-1, max-image-preview:large, max-video-preview:-1\" \/>\n<link rel=\"canonical\" href=\"https:\/\/www.helst.fi\/en\/portfolio\/villa-w\/\" \/>\n<meta property=\"og:locale\" content=\"en_US\" \/>\n<meta property=\"og:type\" content=\"article\" \/>\n<meta property=\"og:title\" content=\"Villa W - HELST\" \/>\n<meta property=\"og:description\" content=\"Ett unikt hem p\u00e5 Deger\u00f6 i Helsingfors, d\u00e4r familjen ville ha ett personligt ljust hem med lite insyn. Ett tv\u00e5v\u00e5ningshus med stor terass.\" \/>\n<meta property=\"og:url\" content=\"https:\/\/www.helst.fi\/en\/portfolio\/villa-w\/\" \/>\n<meta property=\"og:site_name\" content=\"HELST\" \/>\n<meta property=\"article:publisher\" content=\"https:\/\/www.facebook.com\/helst.architects\" \/>\n<meta property=\"article:modified_time\" content=\"2024-10-08T08:56:45+00:00\" \/>\n<meta property=\"og:image\" content=\"https:\/\/www.helst.fi\/en\/wp-content\/uploads\/2024\/09\/Kanssi_Villa_W_2.gif\" \/>\n\t<meta property=\"og:image:width\" content=\"1000\" \/>\n\t<meta property=\"og:image:height\" content=\"1000\" \/>\n\t<meta property=\"og:image:type\" content=\"image\/gif\" \/>\n<meta name=\"twitter:card\" content=\"summary_large_image\" \/>\n<meta name=\"twitter:label1\" content=\"Est. reading time\" \/>\n\t<meta name=\"twitter:data1\" content=\"1 minute\" \/>\n<script type=\"application\/ld+json\" class=\"yoast-schema-graph\">{\"@context\":\"https:\\\/\\\/schema.org\",\"@graph\":[{\"@type\":\"WebPage\",\"@id\":\"https:\\\/\\\/www.helst.fi\\\/en\\\/portfolio\\\/villa-w\\\/\",\"url\":\"https:\\\/\\\/www.helst.fi\\\/en\\\/portfolio\\\/villa-w\\\/\",\"name\":\"Villa W - HELST\",\"isPartOf\":{\"@id\":\"https:\\\/\\\/www.helst.fi\\\/en\\\/etusivu\\\/#website\"},\"primaryImageOfPage\":{\"@id\":\"https:\\\/\\\/www.helst.fi\\\/en\\\/portfolio\\\/villa-w\\\/#primaryimage\"},\"image\":{\"@id\":\"https:\\\/\\\/www.helst.fi\\\/en\\\/portfolio\\\/villa-w\\\/#primaryimage\"},\"thumbnailUrl\":\"https:\\\/\\\/www.helst.fi\\\/en\\\/wp-content\\\/uploads\\\/2024\\\/09\\\/Kanssi_Villa_W_2.gif\",\"datePublished\":\"2024-09-04T08:58:41+00:00\",\"dateModified\":\"2024-10-08T08:56:45+00:00\",\"description\":\"Ett unikt hem p\u00e5 Deger\u00f6 i Helsingfors, d\u00e4r familjen ville ha ett personligt ljust hem med lite insyn. Ett tv\u00e5v\u00e5ningshus med stor terass.\",\"breadcrumb\":{\"@id\":\"https:\\\/\\\/www.helst.fi\\\/en\\\/portfolio\\\/villa-w\\\/#breadcrumb\"},\"inLanguage\":\"en\",\"potentialAction\":[{\"@type\":\"ReadAction\",\"target\":[\"https:\\\/\\\/www.helst.fi\\\/en\\\/portfolio\\\/villa-w\\\/\"]}]},{\"@type\":\"ImageObject\",\"inLanguage\":\"en\",\"@id\":\"https:\\\/\\\/www.helst.fi\\\/en\\\/portfolio\\\/villa-w\\\/#primaryimage\",\"url\":\"https:\\\/\\\/www.helst.fi\\\/en\\\/wp-content\\\/uploads\\\/2024\\\/09\\\/Kanssi_Villa_W_2.gif\",\"contentUrl\":\"https:\\\/\\\/www.helst.fi\\\/en\\\/wp-content\\\/uploads\\\/2024\\\/09\\\/Kanssi_Villa_W_2.gif\",\"width\":1000,\"height\":1000},{\"@type\":\"BreadcrumbList\",\"@id\":\"https:\\\/\\\/www.helst.fi\\\/en\\\/portfolio\\\/villa-w\\\/#breadcrumb\",\"itemListElement\":[{\"@type\":\"ListItem\",\"position\":1,\"name\":\"Home\",\"item\":\"https:\\\/\\\/www.helst.fi\\\/en\\\/\"},{\"@type\":\"ListItem\",\"position\":2,\"name\":\"Portfolio\",\"item\":\"https:\\\/\\\/www.helst.fi\\\/en\\\/portfolio\\\/\"},{\"@type\":\"ListItem\",\"position\":3,\"name\":\"Villa W\"}]},{\"@type\":\"WebSite\",\"@id\":\"https:\\\/\\\/www.helst.fi\\\/en\\\/etusivu\\\/#website\",\"url\":\"https:\\\/\\\/www.helst.fi\\\/en\\\/etusivu\\\/\",\"name\":\"HELST\",\"description\":\"Arkkitehdit\",\"publisher\":{\"@id\":\"https:\\\/\\\/www.helst.fi\\\/en\\\/etusivu\\\/#organization\"},\"potentialAction\":[{\"@type\":\"SearchAction\",\"target\":{\"@type\":\"EntryPoint\",\"urlTemplate\":\"https:\\\/\\\/www.helst.fi\\\/en\\\/etusivu\\\/?s={search_term_string}\"},\"query-input\":{\"@type\":\"PropertyValueSpecification\",\"valueRequired\":true,\"valueName\":\"search_term_string\"}}],\"inLanguage\":\"en\"},{\"@type\":\"Organization\",\"@id\":\"https:\\\/\\\/www.helst.fi\\\/en\\\/etusivu\\\/#organization\",\"name\":\"HELST\",\"url\":\"https:\\\/\\\/www.helst.fi\\\/en\\\/etusivu\\\/\",\"logo\":{\"@type\":\"ImageObject\",\"inLanguage\":\"en\",\"@id\":\"https:\\\/\\\/www.helst.fi\\\/en\\\/etusivu\\\/#\\\/schema\\\/logo\\\/image\\\/\",\"url\":\"https:\\\/\\\/www.helst.fi\\\/en\\\/wp-content\\\/uploads\\\/2024\\\/11\\\/HELST_logo_rasterikartta-scaled.jpg\",\"contentUrl\":\"https:\\\/\\\/www.helst.fi\\\/en\\\/wp-content\\\/uploads\\\/2024\\\/11\\\/HELST_logo_rasterikartta-scaled.jpg\",\"width\":2560,\"height\":1067,\"caption\":\"HELST\"},\"image\":{\"@id\":\"https:\\\/\\\/www.helst.fi\\\/en\\\/etusivu\\\/#\\\/schema\\\/logo\\\/image\\\/\"},\"sameAs\":[\"https:\\\/\\\/www.facebook.com\\\/helst.architects\",\"https:\\\/\\\/www.instagram.com\\\/helst_architects\\\/\"]}]}<\/script>\n<!-- \/ Yoast SEO plugin. -->","yoast_head_json":{"title":"Villa W - HELST","description":"Ett unikt hem p\u00e5 Deger\u00f6 i Helsingfors, d\u00e4r familjen ville ha ett personligt ljust hem med lite insyn. Ett tv\u00e5v\u00e5ningshus med stor terass.","robots":{"index":"index","follow":"follow","max-snippet":"max-snippet:-1","max-image-preview":"max-image-preview:large","max-video-preview":"max-video-preview:-1"},"canonical":"https:\/\/www.helst.fi\/en\/portfolio\/villa-w\/","og_locale":"en_US","og_type":"article","og_title":"Villa W - HELST","og_description":"Ett unikt hem p\u00e5 Deger\u00f6 i Helsingfors, d\u00e4r familjen ville ha ett personligt ljust hem med lite insyn. Ett tv\u00e5v\u00e5ningshus med stor terass.","og_url":"https:\/\/www.helst.fi\/en\/portfolio\/villa-w\/","og_site_name":"HELST","article_publisher":"https:\/\/www.facebook.com\/helst.architects","article_modified_time":"2024-10-08T08:56:45+00:00","og_image":[{"width":1000,"height":1000,"url":"https:\/\/www.helst.fi\/en\/wp-content\/uploads\/2024\/09\/Kanssi_Villa_W_2.gif","type":"image\/gif"}],"twitter_card":"summary_large_image","twitter_misc":{"Est. reading time":"1 minute"},"schema":{"@context":"https:\/\/schema.org","@graph":[{"@type":"WebPage","@id":"https:\/\/www.helst.fi\/en\/portfolio\/villa-w\/","url":"https:\/\/www.helst.fi\/en\/portfolio\/villa-w\/","name":"Villa W - HELST","isPartOf":{"@id":"https:\/\/www.helst.fi\/en\/etusivu\/#website"},"primaryImageOfPage":{"@id":"https:\/\/www.helst.fi\/en\/portfolio\/villa-w\/#primaryimage"},"image":{"@id":"https:\/\/www.helst.fi\/en\/portfolio\/villa-w\/#primaryimage"},"thumbnailUrl":"https:\/\/www.helst.fi\/en\/wp-content\/uploads\/2024\/09\/Kanssi_Villa_W_2.gif","datePublished":"2024-09-04T08:58:41+00:00","dateModified":"2024-10-08T08:56:45+00:00","description":"Ett unikt hem p\u00e5 Deger\u00f6 i Helsingfors, d\u00e4r familjen ville ha ett personligt ljust hem med lite insyn. Ett tv\u00e5v\u00e5ningshus med stor terass.","breadcrumb":{"@id":"https:\/\/www.helst.fi\/en\/portfolio\/villa-w\/#breadcrumb"},"inLanguage":"en","potentialAction":[{"@type":"ReadAction","target":["https:\/\/www.helst.fi\/en\/portfolio\/villa-w\/"]}]},{"@type":"ImageObject","inLanguage":"en","@id":"https:\/\/www.helst.fi\/en\/portfolio\/villa-w\/#primaryimage","url":"https:\/\/www.helst.fi\/en\/wp-content\/uploads\/2024\/09\/Kanssi_Villa_W_2.gif","contentUrl":"https:\/\/www.helst.fi\/en\/wp-content\/uploads\/2024\/09\/Kanssi_Villa_W_2.gif","width":1000,"height":1000},{"@type":"BreadcrumbList","@id":"https:\/\/www.helst.fi\/en\/portfolio\/villa-w\/#breadcrumb","itemListElement":[{"@type":"ListItem","position":1,"name":"Home","item":"https:\/\/www.helst.fi\/en\/"},{"@type":"ListItem","position":2,"name":"Portfolio","item":"https:\/\/www.helst.fi\/en\/portfolio\/"},{"@type":"ListItem","position":3,"name":"Villa W"}]},{"@type":"WebSite","@id":"https:\/\/www.helst.fi\/en\/etusivu\/#website","url":"https:\/\/www.helst.fi\/en\/etusivu\/","name":"HELST","description":"Arkkitehdit","publisher":{"@id":"https:\/\/www.helst.fi\/en\/etusivu\/#organization"},"potentialAction":[{"@type":"SearchAction","target":{"@type":"EntryPoint","urlTemplate":"https:\/\/www.helst.fi\/en\/etusivu\/?s={search_term_string}"},"query-input":{"@type":"PropertyValueSpecification","valueRequired":true,"valueName":"search_term_string"}}],"inLanguage":"en"},{"@type":"Organization","@id":"https:\/\/www.helst.fi\/en\/etusivu\/#organization","name":"HELST","url":"https:\/\/www.helst.fi\/en\/etusivu\/","logo":{"@type":"ImageObject","inLanguage":"en","@id":"https:\/\/www.helst.fi\/en\/etusivu\/#\/schema\/logo\/image\/","url":"https:\/\/www.helst.fi\/en\/wp-content\/uploads\/2024\/11\/HELST_logo_rasterikartta-scaled.jpg","contentUrl":"https:\/\/www.helst.fi\/en\/wp-content\/uploads\/2024\/11\/HELST_logo_rasterikartta-scaled.jpg","width":2560,"height":1067,"caption":"HELST"},"image":{"@id":"https:\/\/www.helst.fi\/en\/etusivu\/#\/schema\/logo\/image\/"},"sameAs":["https:\/\/www.facebook.com\/helst.architects","https:\/\/www.instagram.com\/helst_architects\/"]}]}},"lang":"sv","translations":{"fi":9030,"sv":8997,"en":9040},"pll_sync_post":[],"_links":{"self":[{"href":"https:\/\/www.helst.fi\/en\/wp-json\/wp\/v2\/portfolio\/8997","targetHints":{"allow":["GET"]}}],"collection":[{"href":"https:\/\/www.helst.fi\/en\/wp-json\/wp\/v2\/portfolio"}],"about":[{"href":"https:\/\/www.helst.fi\/en\/wp-json\/wp\/v2\/types\/portfolio"}],"author":[{"embeddable":true,"href":"https:\/\/www.helst.fi\/en\/wp-json\/wp\/v2\/users\/1"}],"replies":[{"embeddable":true,"href":"https:\/\/www.helst.fi\/en\/wp-json\/wp\/v2\/comments?post=8997"}],"version-history":[{"count":1,"href":"https:\/\/www.helst.fi\/en\/wp-json\/wp\/v2\/portfolio\/8997\/revisions"}],"predecessor-version":[{"id":9026,"href":"https:\/\/www.helst.fi\/en\/wp-json\/wp\/v2\/portfolio\/8997\/revisions\/9026"}],"wp:featuredmedia":[{"embeddable":true,"href":"https:\/\/www.helst.fi\/en\/wp-json\/wp\/v2\/media\/9152"}],"wp:attachment":[{"href":"https:\/\/www.helst.fi\/en\/wp-json\/wp\/v2\/media?parent=8997"}],"wp:term":[{"taxonomy":"portfolio_category","embeddable":true,"href":"https:\/\/www.helst.fi\/en\/wp-json\/wp\/v2\/portfolio_category?post=8997"},{"taxonomy":"portfolio_tag","embeddable":true,"href":"https:\/\/www.helst.fi\/en\/wp-json\/wp\/v2\/portfolio_tag?post=8997"}],"curies":[{"name":"wp","href":"https:\/\/api.w.org\/{rel}","templated":true}]}}

<p>Det här huset är planerat på en liten tomt på Degerö i Helsingfors. Familjen ville ha ett unikt hem som samtidigt tillhandahöll alla de funktioner som de behövde.</p>
<p>Vi föreslog ett kompakt hus i två våningar samt en lägre del för bastuavdelning där det platta taket blir en terass kopplad till det övre vardagsrummet samt masterbedroom. Planlösning ger en rörelse genom huset där nya intryck och vyer öppnar upp sig i flera skeden. Vardagsrummet definieras av den dubbla takhöjden, trappan till övervåningen samt den öppna spisen som dekorerats med handgjort kakel.</p>
<p>Genom en noggrann platsanalys kunde vi planera huset med stora glaspartier utan insyn från grannar, vilket ger ett ljust och öppet hem trots den lilla tomten.</p>
<p>&nbsp;</p>
<ul>
<li>Stad – Helsingfors</li>
<li>Byggherre – Privat</li>
<li>Status – Färdigställs 2024</li>
<li>Storlek – 190  m²</li>
</ul>

<p>Det här huset är planerat på en liten tomt på Degerö i Helsingfors. Familjen ville ha ett unikt hem som samtidigt tillhandahöll alla de funktioner som de behövde. Vi föreslog ett kompakt hus i två våningar samt en lägre del för bastuavdelning där det platta taket blir en terass kopplad till det övre vardagsrummet samt&hellip;</p>

<!-- This site is optimized with the Yoast SEO plugin v27.4 - https://yoast.com/product/yoast-seo-wordpress/ -->
<title>Villa W - HELST</title>
<meta name="description" content="Ett unikt hem på Degerö i Helsingfors, där familjen ville ha ett personligt ljust hem med lite insyn. Ett tvåvåningshus med stor terass." />
<meta name="robots" content="index, follow, max-snippet:-1, max-image-preview:large, max-video-preview:-1" />
<link rel="canonical" href="https://www.helst.fi/en/portfolio/villa-w/" />
<meta property="og:locale" content="en_US" />
<meta property="og:type" content="article" />
<meta property="og:title" content="Villa W - HELST" />
<meta property="og:description" content="Ett unikt hem på Degerö i Helsingfors, där familjen ville ha ett personligt ljust hem med lite insyn. Ett tvåvåningshus med stor terass." />
<meta property="og:url" content="https://www.helst.fi/en/portfolio/villa-w/" />
<meta property="og:site_name" content="HELST" />
<meta property="article:publisher" content="https://www.facebook.com/helst.architects" />
<meta property="article:modified_time" content="2024-10-08T08:56:45+00:00" />
<meta property="og:image" content="https://www.helst.fi/en/wp-content/uploads/2024/09/Kanssi_Villa_W_2.gif" />
	<meta property="og:image:width" content="1000" />
	<meta property="og:image:height" content="1000" />
	<meta property="og:image:type" content="image/gif" />
<meta name="twitter:card" content="summary_large_image" />
<meta name="twitter:label1" content="Est. reading time" />
	<meta name="twitter:data1" content="1 minute" />
<script type="application/ld+json" class="yoast-schema-graph">{"@context":"https:\/\/schema.org","@graph":[{"@type":"WebPage","@id":"https:\/\/www.helst.fi\/en\/portfolio\/villa-w\/","url":"https:\/\/www.helst.fi\/en\/portfolio\/villa-w\/","name":"Villa W - HELST","isPartOf":{"@id":"https:\/\/www.helst.fi\/en\/etusivu\/#website"},"primaryImageOfPage":{"@id":"https:\/\/www.helst.fi\/en\/portfolio\/villa-w\/#primaryimage"},"image":{"@id":"https:\/\/www.helst.fi\/en\/portfolio\/villa-w\/#primaryimage"},"thumbnailUrl":"https:\/\/www.helst.fi\/en\/wp-content\/uploads\/2024\/09\/Kanssi_Villa_W_2.gif","datePublished":"2024-09-04T08:58:41+00:00","dateModified":"2024-10-08T08:56:45+00:00","description":"Ett unikt hem på Degerö i Helsingfors, där familjen ville ha ett personligt ljust hem med lite insyn. Ett tvåvåningshus med stor terass.","breadcrumb":{"@id":"https:\/\/www.helst.fi\/en\/portfolio\/villa-w\/#breadcrumb"},"inLanguage":"en","potentialAction":[{"@type":"ReadAction","target":["https:\/\/www.helst.fi\/en\/portfolio\/villa-w\/"]}]},{"@type":"ImageObject","inLanguage":"en","@id":"https:\/\/www.helst.fi\/en\/portfolio\/villa-w\/#primaryimage","url":"https:\/\/www.helst.fi\/en\/wp-content\/uploads\/2024\/09\/Kanssi_Villa_W_2.gif","contentUrl":"https:\/\/www.helst.fi\/en\/wp-content\/uploads\/2024\/09\/Kanssi_Villa_W_2.gif","width":1000,"height":1000},{"@type":"BreadcrumbList","@id":"https:\/\/www.helst.fi\/en\/portfolio\/villa-w\/#breadcrumb","itemListElement":[{"@type":"ListItem","position":1,"name":"Home","item":"https:\/\/www.helst.fi\/en\/"},{"@type":"ListItem","position":2,"name":"Portfolio","item":"https:\/\/www.helst.fi\/en\/portfolio\/"},{"@type":"ListItem","position":3,"name":"Villa W"}]},{"@type":"WebSite","@id":"https:\/\/www.helst.fi\/en\/etusivu\/#website","url":"https:\/\/www.helst.fi\/en\/etusivu\/","name":"HELST","description":"Arkkitehdit","publisher":{"@id":"https:\/\/www.helst.fi\/en\/etusivu\/#organization"},"potentialAction":[{"@type":"SearchAction","target":{"@type":"EntryPoint","urlTemplate":"https:\/\/www.helst.fi\/en\/etusivu\/?s={search_term_string}"},"query-input":{"@type":"PropertyValueSpecification","valueRequired":true,"valueName":"search_term_string"}}],"inLanguage":"en"},{"@type":"Organization","@id":"https:\/\/www.helst.fi\/en\/etusivu\/#organization","name":"HELST","url":"https:\/\/www.helst.fi\/en\/etusivu\/","logo":{"@type":"ImageObject","inLanguage":"en","@id":"https:\/\/www.helst.fi\/en\/etusivu\/#\/schema\/logo\/image\/","url":"https:\/\/www.helst.fi\/en\/wp-content\/uploads\/2024\/11\/HELST_logo_rasterikartta-scaled.jpg","contentUrl":"https:\/\/www.helst.fi\/en\/wp-content\/uploads\/2024\/11\/HELST_logo_rasterikartta-scaled.jpg","width":2560,"height":1067,"caption":"HELST"},"image":{"@id":"https:\/\/www.helst.fi\/en\/etusivu\/#\/schema\/logo\/image\/"},"sameAs":["https:\/\/www.facebook.com\/helst.architects","https:\/\/www.instagram.com\/helst_architects\/"]}]}</script>
<!-- / Yoast SEO plugin. -->

Ett unikt hem på Degerö i Helsingfors, där familjen ville ha ett personligt ljust hem med lite insyn. Ett tvåvåningshus med stor terass.
