{"id":9366,"date":"2025-08-15T13:43:38","date_gmt":"2025-08-15T13:43:38","guid":{"rendered":"https:\/\/www.helst.fi\/en\/?post_type=portfolio&#038;p=9366"},"modified":"2025-10-06T12:17:56","modified_gmt":"2025-10-06T12:17:56","slug":"villa-o-2-2","status":"publish","type":"portfolio","link":"https:\/\/www.helst.fi\/en\/portfolio\/villa-o-2-2\/","title":{"rendered":"Villa \u00d6"},"content":{"rendered":"<div class=\"wpb-content-wrapper\"><p>[vc_row][vc_column][vc_column_text css=&#8221;&#8221;]<\/p>\n<p data-start=\"44\" data-end=\"258\">Denna vackra tomt \u00e4r bel\u00e4gen l\u00e4ngst ut p\u00e5 en udde vid havet. Genom att utforma byggnaden i en U-form kunde vi rama in den storslagna havsutsikten och samtidigt skapa en innerg\u00e5rd skyddad fr\u00e5n vind och insyn.<\/p>\n<p data-start=\"260\" data-end=\"446\" data-is-last-node=\"\" data-is-only-node=\"\">N\u00e4rheten till havet st\u00e4ller s\u00e4rskilda krav p\u00e5 fasadens h\u00e5llbarhet. Tillsammans med kunden valde vi danskt handslaget tegel, vilket ger en fasad som \u00e4r b\u00e5de l\u00e5nglivad och rik p\u00e5 textur.<\/p>\n<p>l\u00e4nkar:<\/p>\n<p>Villa Sommar \u00d6:<br \/>\n<a href=\"https:\/\/www.instagram.com\/villa_sommaro\">https:\/\/www.instagram.com\/villa_sommaro<\/a><\/p>\n<p>Randers Tegel:<br \/>\n<a href=\"https:\/\/www.randerstegl.com\/fi\">https:\/\/www.randerstegl.com\/fi<\/a><\/p>\n<ul>\n<li>Plats \u2013 Larsmo<\/li>\n<li>Byggherre \u2013 Privat<\/li>\n<li>Status \u2013 F\u00e4rdig 2025<\/li>\n<li>Storlek \u2013 300 brm\u00b2<\/li>\n<\/ul>\n<p>[\/vc_column_text][\/vc_column][\/vc_row]<\/p>\n<\/div>","protected":false},"excerpt":{"rendered":"<p>[vc_row][vc_column][vc_column_text css=&#8221;&#8221;] Denna vackra tomt \u00e4r bel\u00e4gen l\u00e4ngst ut p\u00e5 en udde vid havet. Genom att utforma byggnaden i en U-form kunde vi rama in den storslagna havsutsikten och samtidigt skapa en innerg\u00e5rd skyddad fr\u00e5n vind och insyn. N\u00e4rheten till havet st\u00e4ller s\u00e4rskilda krav p\u00e5 fasadens h\u00e5llbarhet. Tillsammans med kunden valde vi danskt handslaget tegel,&hellip;<\/p>\n","protected":false},"author":1,"featured_media":9604,"comment_status":"open","ping_status":"closed","template":"","meta":{"_acf_changed":false,"footnotes":""},"portfolio_category":[370],"portfolio_tag":[],"class_list":["post-9366","portfolio","type-portfolio","status-publish","has-post-thumbnail","hentry","portfolio_category-villor"],"acf":[],"yoast_head":"<!-- This site is optimized with the Yoast SEO plugin v27.4 - https:\/\/yoast.com\/product\/yoast-seo-wordpress\/ -->\n<title>Villa \u00d6 - HELST<\/title>\n<meta name=\"robots\" content=\"index, follow, max-snippet:-1, max-image-preview:large, max-video-preview:-1\" \/>\n<link rel=\"canonical\" href=\"https:\/\/www.helst.fi\/en\/portfolio\/villa-o-2-2\/\" \/>\n<meta property=\"og:locale\" content=\"en_US\" \/>\n<meta property=\"og:type\" content=\"article\" \/>\n<meta property=\"og:title\" content=\"Villa \u00d6 - HELST\" \/>\n<meta property=\"og:description\" content=\"[vc_row][vc_column][vc_column_text css=&#8221;&#8221;] Denna vackra tomt \u00e4r bel\u00e4gen l\u00e4ngst ut p\u00e5 en udde vid havet. Genom att utforma byggnaden i en U-form kunde vi rama in den storslagna havsutsikten och samtidigt skapa en innerg\u00e5rd skyddad fr\u00e5n vind och insyn. N\u00e4rheten till havet st\u00e4ller s\u00e4rskilda krav p\u00e5 fasadens h\u00e5llbarhet. Tillsammans med kunden valde vi danskt handslaget tegel,&hellip;\" \/>\n<meta property=\"og:url\" content=\"https:\/\/www.helst.fi\/en\/portfolio\/villa-o-2-2\/\" \/>\n<meta property=\"og:site_name\" content=\"HELST\" \/>\n<meta property=\"article:publisher\" content=\"https:\/\/www.facebook.com\/helst.architects\" \/>\n<meta property=\"article:modified_time\" content=\"2025-10-06T12:17:56+00:00\" \/>\n<meta property=\"og:image\" content=\"https:\/\/www.helst.fi\/en\/wp-content\/uploads\/2025\/08\/Villa-Sommar-O_kansi-1024x1024.gif\" \/>\n\t<meta property=\"og:image:width\" content=\"1024\" \/>\n\t<meta property=\"og:image:height\" content=\"1024\" \/>\n\t<meta property=\"og:image:type\" content=\"image\/gif\" \/>\n<meta name=\"twitter:card\" content=\"summary_large_image\" \/>\n<meta name=\"twitter:label1\" content=\"Est. reading time\" \/>\n\t<meta name=\"twitter:data1\" content=\"1 minute\" \/>\n<script type=\"application\/ld+json\" class=\"yoast-schema-graph\">{\"@context\":\"https:\\\/\\\/schema.org\",\"@graph\":[{\"@type\":\"WebPage\",\"@id\":\"https:\\\/\\\/www.helst.fi\\\/en\\\/portfolio\\\/villa-o-2-2\\\/\",\"url\":\"https:\\\/\\\/www.helst.fi\\\/en\\\/portfolio\\\/villa-o-2-2\\\/\",\"name\":\"Villa \u00d6 - HELST\",\"isPartOf\":{\"@id\":\"https:\\\/\\\/www.helst.fi\\\/en\\\/etusivu\\\/#website\"},\"primaryImageOfPage\":{\"@id\":\"https:\\\/\\\/www.helst.fi\\\/en\\\/portfolio\\\/villa-o-2-2\\\/#primaryimage\"},\"image\":{\"@id\":\"https:\\\/\\\/www.helst.fi\\\/en\\\/portfolio\\\/villa-o-2-2\\\/#primaryimage\"},\"thumbnailUrl\":\"https:\\\/\\\/www.helst.fi\\\/en\\\/wp-content\\\/uploads\\\/2025\\\/08\\\/Villa-Sommar-O_kansi.gif\",\"datePublished\":\"2025-08-15T13:43:38+00:00\",\"dateModified\":\"2025-10-06T12:17:56+00:00\",\"breadcrumb\":{\"@id\":\"https:\\\/\\\/www.helst.fi\\\/en\\\/portfolio\\\/villa-o-2-2\\\/#breadcrumb\"},\"inLanguage\":\"en\",\"potentialAction\":[{\"@type\":\"ReadAction\",\"target\":[\"https:\\\/\\\/www.helst.fi\\\/en\\\/portfolio\\\/villa-o-2-2\\\/\"]}]},{\"@type\":\"ImageObject\",\"inLanguage\":\"en\",\"@id\":\"https:\\\/\\\/www.helst.fi\\\/en\\\/portfolio\\\/villa-o-2-2\\\/#primaryimage\",\"url\":\"https:\\\/\\\/www.helst.fi\\\/en\\\/wp-content\\\/uploads\\\/2025\\\/08\\\/Villa-Sommar-O_kansi.gif\",\"contentUrl\":\"https:\\\/\\\/www.helst.fi\\\/en\\\/wp-content\\\/uploads\\\/2025\\\/08\\\/Villa-Sommar-O_kansi.gif\",\"width\":2000,\"height\":2000},{\"@type\":\"BreadcrumbList\",\"@id\":\"https:\\\/\\\/www.helst.fi\\\/en\\\/portfolio\\\/villa-o-2-2\\\/#breadcrumb\",\"itemListElement\":[{\"@type\":\"ListItem\",\"position\":1,\"name\":\"Home\",\"item\":\"https:\\\/\\\/www.helst.fi\\\/en\\\/\"},{\"@type\":\"ListItem\",\"position\":2,\"name\":\"Portfolio\",\"item\":\"https:\\\/\\\/www.helst.fi\\\/en\\\/portfolio\\\/\"},{\"@type\":\"ListItem\",\"position\":3,\"name\":\"Villa \u00d6\"}]},{\"@type\":\"WebSite\",\"@id\":\"https:\\\/\\\/www.helst.fi\\\/en\\\/etusivu\\\/#website\",\"url\":\"https:\\\/\\\/www.helst.fi\\\/en\\\/etusivu\\\/\",\"name\":\"HELST\",\"description\":\"Arkkitehdit\",\"publisher\":{\"@id\":\"https:\\\/\\\/www.helst.fi\\\/en\\\/etusivu\\\/#organization\"},\"potentialAction\":[{\"@type\":\"SearchAction\",\"target\":{\"@type\":\"EntryPoint\",\"urlTemplate\":\"https:\\\/\\\/www.helst.fi\\\/en\\\/etusivu\\\/?s={search_term_string}\"},\"query-input\":{\"@type\":\"PropertyValueSpecification\",\"valueRequired\":true,\"valueName\":\"search_term_string\"}}],\"inLanguage\":\"en\"},{\"@type\":\"Organization\",\"@id\":\"https:\\\/\\\/www.helst.fi\\\/en\\\/etusivu\\\/#organization\",\"name\":\"HELST\",\"url\":\"https:\\\/\\\/www.helst.fi\\\/en\\\/etusivu\\\/\",\"logo\":{\"@type\":\"ImageObject\",\"inLanguage\":\"en\",\"@id\":\"https:\\\/\\\/www.helst.fi\\\/en\\\/etusivu\\\/#\\\/schema\\\/logo\\\/image\\\/\",\"url\":\"https:\\\/\\\/www.helst.fi\\\/en\\\/wp-content\\\/uploads\\\/2024\\\/11\\\/HELST_logo_rasterikartta-scaled.jpg\",\"contentUrl\":\"https:\\\/\\\/www.helst.fi\\\/en\\\/wp-content\\\/uploads\\\/2024\\\/11\\\/HELST_logo_rasterikartta-scaled.jpg\",\"width\":2560,\"height\":1067,\"caption\":\"HELST\"},\"image\":{\"@id\":\"https:\\\/\\\/www.helst.fi\\\/en\\\/etusivu\\\/#\\\/schema\\\/logo\\\/image\\\/\"},\"sameAs\":[\"https:\\\/\\\/www.facebook.com\\\/helst.architects\",\"https:\\\/\\\/www.instagram.com\\\/helst_architects\\\/\"]}]}<\/script>\n<!-- \/ Yoast SEO plugin. -->","yoast_head_json":{"title":"Villa \u00d6 - HELST","robots":{"index":"index","follow":"follow","max-snippet":"max-snippet:-1","max-image-preview":"max-image-preview:large","max-video-preview":"max-video-preview:-1"},"canonical":"https:\/\/www.helst.fi\/en\/portfolio\/villa-o-2-2\/","og_locale":"en_US","og_type":"article","og_title":"Villa \u00d6 - HELST","og_description":"[vc_row][vc_column][vc_column_text css=&#8221;&#8221;] Denna vackra tomt \u00e4r bel\u00e4gen l\u00e4ngst ut p\u00e5 en udde vid havet. Genom att utforma byggnaden i en U-form kunde vi rama in den storslagna havsutsikten och samtidigt skapa en innerg\u00e5rd skyddad fr\u00e5n vind och insyn. N\u00e4rheten till havet st\u00e4ller s\u00e4rskilda krav p\u00e5 fasadens h\u00e5llbarhet. Tillsammans med kunden valde vi danskt handslaget tegel,&hellip;","og_url":"https:\/\/www.helst.fi\/en\/portfolio\/villa-o-2-2\/","og_site_name":"HELST","article_publisher":"https:\/\/www.facebook.com\/helst.architects","article_modified_time":"2025-10-06T12:17:56+00:00","og_image":[{"width":1024,"height":1024,"url":"https:\/\/www.helst.fi\/en\/wp-content\/uploads\/2025\/08\/Villa-Sommar-O_kansi-1024x1024.gif","type":"image\/gif"}],"twitter_card":"summary_large_image","twitter_misc":{"Est. reading time":"1 minute"},"schema":{"@context":"https:\/\/schema.org","@graph":[{"@type":"WebPage","@id":"https:\/\/www.helst.fi\/en\/portfolio\/villa-o-2-2\/","url":"https:\/\/www.helst.fi\/en\/portfolio\/villa-o-2-2\/","name":"Villa \u00d6 - HELST","isPartOf":{"@id":"https:\/\/www.helst.fi\/en\/etusivu\/#website"},"primaryImageOfPage":{"@id":"https:\/\/www.helst.fi\/en\/portfolio\/villa-o-2-2\/#primaryimage"},"image":{"@id":"https:\/\/www.helst.fi\/en\/portfolio\/villa-o-2-2\/#primaryimage"},"thumbnailUrl":"https:\/\/www.helst.fi\/en\/wp-content\/uploads\/2025\/08\/Villa-Sommar-O_kansi.gif","datePublished":"2025-08-15T13:43:38+00:00","dateModified":"2025-10-06T12:17:56+00:00","breadcrumb":{"@id":"https:\/\/www.helst.fi\/en\/portfolio\/villa-o-2-2\/#breadcrumb"},"inLanguage":"en","potentialAction":[{"@type":"ReadAction","target":["https:\/\/www.helst.fi\/en\/portfolio\/villa-o-2-2\/"]}]},{"@type":"ImageObject","inLanguage":"en","@id":"https:\/\/www.helst.fi\/en\/portfolio\/villa-o-2-2\/#primaryimage","url":"https:\/\/www.helst.fi\/en\/wp-content\/uploads\/2025\/08\/Villa-Sommar-O_kansi.gif","contentUrl":"https:\/\/www.helst.fi\/en\/wp-content\/uploads\/2025\/08\/Villa-Sommar-O_kansi.gif","width":2000,"height":2000},{"@type":"BreadcrumbList","@id":"https:\/\/www.helst.fi\/en\/portfolio\/villa-o-2-2\/#breadcrumb","itemListElement":[{"@type":"ListItem","position":1,"name":"Home","item":"https:\/\/www.helst.fi\/en\/"},{"@type":"ListItem","position":2,"name":"Portfolio","item":"https:\/\/www.helst.fi\/en\/portfolio\/"},{"@type":"ListItem","position":3,"name":"Villa \u00d6"}]},{"@type":"WebSite","@id":"https:\/\/www.helst.fi\/en\/etusivu\/#website","url":"https:\/\/www.helst.fi\/en\/etusivu\/","name":"HELST","description":"Arkkitehdit","publisher":{"@id":"https:\/\/www.helst.fi\/en\/etusivu\/#organization"},"potentialAction":[{"@type":"SearchAction","target":{"@type":"EntryPoint","urlTemplate":"https:\/\/www.helst.fi\/en\/etusivu\/?s={search_term_string}"},"query-input":{"@type":"PropertyValueSpecification","valueRequired":true,"valueName":"search_term_string"}}],"inLanguage":"en"},{"@type":"Organization","@id":"https:\/\/www.helst.fi\/en\/etusivu\/#organization","name":"HELST","url":"https:\/\/www.helst.fi\/en\/etusivu\/","logo":{"@type":"ImageObject","inLanguage":"en","@id":"https:\/\/www.helst.fi\/en\/etusivu\/#\/schema\/logo\/image\/","url":"https:\/\/www.helst.fi\/en\/wp-content\/uploads\/2024\/11\/HELST_logo_rasterikartta-scaled.jpg","contentUrl":"https:\/\/www.helst.fi\/en\/wp-content\/uploads\/2024\/11\/HELST_logo_rasterikartta-scaled.jpg","width":2560,"height":1067,"caption":"HELST"},"image":{"@id":"https:\/\/www.helst.fi\/en\/etusivu\/#\/schema\/logo\/image\/"},"sameAs":["https:\/\/www.facebook.com\/helst.architects","https:\/\/www.instagram.com\/helst_architects\/"]}]}},"lang":"sv","translations":{"fi":9357,"en":9344,"sv":9366},"pll_sync_post":[],"_links":{"self":[{"href":"https:\/\/www.helst.fi\/en\/wp-json\/wp\/v2\/portfolio\/9366","targetHints":{"allow":["GET"]}}],"collection":[{"href":"https:\/\/www.helst.fi\/en\/wp-json\/wp\/v2\/portfolio"}],"about":[{"href":"https:\/\/www.helst.fi\/en\/wp-json\/wp\/v2\/types\/portfolio"}],"author":[{"embeddable":true,"href":"https:\/\/www.helst.fi\/en\/wp-json\/wp\/v2\/users\/1"}],"replies":[{"embeddable":true,"href":"https:\/\/www.helst.fi\/en\/wp-json\/wp\/v2\/comments?post=9366"}],"version-history":[{"count":7,"href":"https:\/\/www.helst.fi\/en\/wp-json\/wp\/v2\/portfolio\/9366\/revisions"}],"predecessor-version":[{"id":9621,"href":"https:\/\/www.helst.fi\/en\/wp-json\/wp\/v2\/portfolio\/9366\/revisions\/9621"}],"wp:featuredmedia":[{"embeddable":true,"href":"https:\/\/www.helst.fi\/en\/wp-json\/wp\/v2\/media\/9604"}],"wp:attachment":[{"href":"https:\/\/www.helst.fi\/en\/wp-json\/wp\/v2\/media?parent=9366"}],"wp:term":[{"taxonomy":"portfolio_category","embeddable":true,"href":"https:\/\/www.helst.fi\/en\/wp-json\/wp\/v2\/portfolio_category?post=9366"},{"taxonomy":"portfolio_tag","embeddable":true,"href":"https:\/\/www.helst.fi\/en\/wp-json\/wp\/v2\/portfolio_tag?post=9366"}],"curies":[{"name":"wp","href":"https:\/\/api.w.org\/{rel}","templated":true}]}}

Villa Ö

<div class="wpb-content-wrapper"><p>[vc_row][vc_column][vc_column_text css=&#8221;&#8221;]</p>
<p data-start="44" data-end="258">Denna vackra tomt är belägen längst ut på en udde vid havet. Genom att utforma byggnaden i en U-form kunde vi rama in den storslagna havsutsikten och samtidigt skapa en innergård skyddad från vind och insyn.</p>
<p data-start="260" data-end="446" data-is-last-node="" data-is-only-node="">Närheten till havet ställer särskilda krav på fasadens hållbarhet. Tillsammans med kunden valde vi danskt handslaget tegel, vilket ger en fasad som är både långlivad och rik på textur.</p>
<p>länkar:</p>
<p>Villa Sommar Ö:<br />
<a href="https://www.instagram.com/villa_sommaro">https://www.instagram.com/villa_sommaro</a></p>
<p>Randers Tegel:<br />
<a href="https://www.randerstegl.com/fi">https://www.randerstegl.com/fi</a></p>
<ul>
<li>Plats – Larsmo</li>
<li>Byggherre – Privat</li>
<li>Status – Färdig 2025</li>
<li>Storlek – 300 brm²</li>
</ul>
<p>[/vc_column_text][/vc_column][/vc_row]</p>
</div>

<p>[vc_row][vc_column][vc_column_text css=&#8221;&#8221;] Denna vackra tomt är belägen längst ut på en udde vid havet. Genom att utforma byggnaden i en U-form kunde vi rama in den storslagna havsutsikten och samtidigt skapa en innergård skyddad från vind och insyn. Närheten till havet ställer särskilda krav på fasadens hållbarhet. Tillsammans med kunden valde vi danskt handslaget tegel,&hellip;</p>

<!-- This site is optimized with the Yoast SEO plugin v27.4 - https://yoast.com/product/yoast-seo-wordpress/ -->
<title>Villa Ö - HELST</title>
<meta name="robots" content="index, follow, max-snippet:-1, max-image-preview:large, max-video-preview:-1" />
<link rel="canonical" href="https://www.helst.fi/en/portfolio/villa-o-2-2/" />
<meta property="og:locale" content="en_US" />
<meta property="og:type" content="article" />
<meta property="og:title" content="Villa Ö - HELST" />
<meta property="og:description" content="[vc_row][vc_column][vc_column_text css=&#8221;&#8221;] Denna vackra tomt är belägen längst ut på en udde vid havet. Genom att utforma byggnaden i en U-form kunde vi rama in den storslagna havsutsikten och samtidigt skapa en innergård skyddad från vind och insyn. Närheten till havet ställer särskilda krav på fasadens hållbarhet. Tillsammans med kunden valde vi danskt handslaget tegel,&hellip;" />
<meta property="og:url" content="https://www.helst.fi/en/portfolio/villa-o-2-2/" />
<meta property="og:site_name" content="HELST" />
<meta property="article:publisher" content="https://www.facebook.com/helst.architects" />
<meta property="article:modified_time" content="2025-10-06T12:17:56+00:00" />
<meta property="og:image" content="https://www.helst.fi/en/wp-content/uploads/2025/08/Villa-Sommar-O_kansi-1024x1024.gif" />
	<meta property="og:image:width" content="1024" />
	<meta property="og:image:height" content="1024" />
	<meta property="og:image:type" content="image/gif" />
<meta name="twitter:card" content="summary_large_image" />
<meta name="twitter:label1" content="Est. reading time" />
	<meta name="twitter:data1" content="1 minute" />
<script type="application/ld+json" class="yoast-schema-graph">{"@context":"https:\/\/schema.org","@graph":[{"@type":"WebPage","@id":"https:\/\/www.helst.fi\/en\/portfolio\/villa-o-2-2\/","url":"https:\/\/www.helst.fi\/en\/portfolio\/villa-o-2-2\/","name":"Villa Ö - HELST","isPartOf":{"@id":"https:\/\/www.helst.fi\/en\/etusivu\/#website"},"primaryImageOfPage":{"@id":"https:\/\/www.helst.fi\/en\/portfolio\/villa-o-2-2\/#primaryimage"},"image":{"@id":"https:\/\/www.helst.fi\/en\/portfolio\/villa-o-2-2\/#primaryimage"},"thumbnailUrl":"https:\/\/www.helst.fi\/en\/wp-content\/uploads\/2025\/08\/Villa-Sommar-O_kansi.gif","datePublished":"2025-08-15T13:43:38+00:00","dateModified":"2025-10-06T12:17:56+00:00","breadcrumb":{"@id":"https:\/\/www.helst.fi\/en\/portfolio\/villa-o-2-2\/#breadcrumb"},"inLanguage":"en","potentialAction":[{"@type":"ReadAction","target":["https:\/\/www.helst.fi\/en\/portfolio\/villa-o-2-2\/"]}]},{"@type":"ImageObject","inLanguage":"en","@id":"https:\/\/www.helst.fi\/en\/portfolio\/villa-o-2-2\/#primaryimage","url":"https:\/\/www.helst.fi\/en\/wp-content\/uploads\/2025\/08\/Villa-Sommar-O_kansi.gif","contentUrl":"https:\/\/www.helst.fi\/en\/wp-content\/uploads\/2025\/08\/Villa-Sommar-O_kansi.gif","width":2000,"height":2000},{"@type":"BreadcrumbList","@id":"https:\/\/www.helst.fi\/en\/portfolio\/villa-o-2-2\/#breadcrumb","itemListElement":[{"@type":"ListItem","position":1,"name":"Home","item":"https:\/\/www.helst.fi\/en\/"},{"@type":"ListItem","position":2,"name":"Portfolio","item":"https:\/\/www.helst.fi\/en\/portfolio\/"},{"@type":"ListItem","position":3,"name":"Villa Ö"}]},{"@type":"WebSite","@id":"https:\/\/www.helst.fi\/en\/etusivu\/#website","url":"https:\/\/www.helst.fi\/en\/etusivu\/","name":"HELST","description":"Arkkitehdit","publisher":{"@id":"https:\/\/www.helst.fi\/en\/etusivu\/#organization"},"potentialAction":[{"@type":"SearchAction","target":{"@type":"EntryPoint","urlTemplate":"https:\/\/www.helst.fi\/en\/etusivu\/?s={search_term_string}"},"query-input":{"@type":"PropertyValueSpecification","valueRequired":true,"valueName":"search_term_string"}}],"inLanguage":"en"},{"@type":"Organization","@id":"https:\/\/www.helst.fi\/en\/etusivu\/#organization","name":"HELST","url":"https:\/\/www.helst.fi\/en\/etusivu\/","logo":{"@type":"ImageObject","inLanguage":"en","@id":"https:\/\/www.helst.fi\/en\/etusivu\/#\/schema\/logo\/image\/","url":"https:\/\/www.helst.fi\/en\/wp-content\/uploads\/2024\/11\/HELST_logo_rasterikartta-scaled.jpg","contentUrl":"https:\/\/www.helst.fi\/en\/wp-content\/uploads\/2024\/11\/HELST_logo_rasterikartta-scaled.jpg","width":2560,"height":1067,"caption":"HELST"},"image":{"@id":"https:\/\/www.helst.fi\/en\/etusivu\/#\/schema\/logo\/image\/"},"sameAs":["https:\/\/www.facebook.com\/helst.architects","https:\/\/www.instagram.com\/helst_architects\/"]}]}</script>
<!-- / Yoast SEO plugin. -->

Villa Ö - HELST

[vc_row][vc_column][vc_column_text css=&#8221;&#8221;] Denna vackra tomt är belägen längst ut på en udde vid havet. Genom att utforma byggnaden i en U-form kunde vi rama in den storslagna havsutsikten och samtidigt skapa en innergård skyddad från vind och insyn. Närheten till havet ställer särskilda krav på fasadens hållbarhet. Tillsammans med kunden valde vi danskt handslaget tegel,&hellip;
